18635479?
6
What is the hundred millions digit of 547528124?
5
What is the millions digit of 57634234?
7
What is the tens digit of 299847577?
7
What is the hundred millions digit of 266359368?
2
What is the ten thousands digit of 131106607?
0
What is the hundred millions digit of 147562714?
1
What is the ten millions digit of 4554835182?
5
What is the hundreds digit of 1388017?
0
What is the hundreds digit of 395102857?
8
What is the thousands digit of 2376240059?
0
What is the millions digit of 279498272?
9
What is the hundred millions digit of 143533846?
1
What is the millions digit of 76167642?
6
What is the hundred millions digit of 1299358961?
2
What is the millions digit of 63204609?
3
What is the hundreds digit of 4202932105?
1
What is the ten thousands digit of 239121348?
2
What is the thousands digit of 288879361?
9
What is the hundred millions digit of 913221802?
9
What is the ten thousands digit of 487619366?
1
What is the hundred thousands digit of 36975025?
9
What is the thousands digit of 2548707319?
7
What is the units digit of 673623022?
2
What is the ten thousands digit of 171736632?
3
What is the units digit of 260958953?
3
What is the ten thousands digit of 223418876?
1
What is the hundreds digit of 379834923?
9
What is the hundred thousands digit of 1253893285?
8
What is the units digit of 30178722?
2
What is the ten thousands digit of 364712114?
1
What is the millions digit of 122785500?
2
What is the hundreds digit of 115198626?
6
What is the ten millions digit of 252609596?
5
What is the thousands digit of 7408844930?
4
What is the millions digit of 496594871?
6
What is the hundred millions digit of 449779311?
4
What is the hundreds digit of 1827829930?
9
What is the tens digit of 2414497500?
0
What is the units digit of 1160100420?
0
What is the millions digit of 461340507?
1
What is the hundreds digit of 77277189?
1
What is the hundreds digit of 6686482?
4
What is the hundreds digit of 48424356?
3
What is the ten thousands digit of 39063772?
6
What is the millions digit of 128062758?
8
What is the thousands digit of 12241382?
1
What is the hundred millions digit of 277179925?
2
What is the ten thousands digit of 2161615?
6
What is the thousands digit of 28499375?
9
What is the tens digit of 1560992311?
1
What is the thousands digit of 714409897?
9
What is the tens digit of 3742359458?
5
What is the units digit of 141528134?
4
What is the hundred thousands digit of 13729971?
7
What is the millions digit of 64529600?
4
What is the tens digit of 81519163?
6
What is the units digit of 186599495?
5
What is the units digit of 119026405?
5
What is the hundreds digit of 81797422?
4
What is the units digit of 7023230853?
3
What is the millions digit of 282345825?
2
What is the ten thousands digit of 236745560?
4
What is the hundred thousands digit of 56446865?
4
What is the ten millions digit of 5499065563?
9
What is the millions digit of 4112457553?
2
What is the ten thousands digit of 1456921736?
2
What is the units digit of 2215482007?
7
What is the hundred millions digit of 328171382?
3
What is the tens digit of 1862363424?
2
What is the ten thousands digit of 97160124?
6
What is the thousands digit of 231929289?
9
What is the billions digit of 7402493585?
7
What is the ten thousands digit of 823025411?
2
What is the ten millions digit of 1324866906?
2
What is the ten thousands digit of 5257747?
5
What is the ten thousands digit of 75334684?
3
What is the hundred thousands digit of 366235899?
2
What is the millions digit of 81536941?
1
What is the ten thousands digit of 431280432?
8
What is the hundred millions digit of 1482828884?
4
What is the ten thousands digit of 490652649?
5
What is the thousands digit of 3756909517?
9
What is the hundred millions digit of 1969800203?
9
What is the billions digit of 1313217496?
1
What is the units digit of 230049?
9
What is the hundred thousands digit of 7275672?
2
What is the tens digit of 566332233?
3
What is the millions digit of 901218423?
1
What is the hundred thousands digit of 39937266?
9
What is the tens digit of 1988063?
6
What is the units digit of 23637343?
3
What is the ten thousands digit of 297054482?
5
What is the billions digit of 2822451453?
2
What is the units digit of 8857886?
6
What is the thousands digit of 468237988?
7
What is the hundred thousands digit of 552558573?
5
What is the ten thousands digit of 176497566?
9
What is the millions digit of 696800295?
6
What is the hundred thousands digit of 1042432118?
4
What is the ten millions digit of 110670978?
1
What is the hundred thousands digit of 11371358?
3
What is the tens digit of 2749681818?
1
What is the tens digit of 3181477196?
9
What is the millions digit of 959050518?
9
What is the hundreds digit of 179822589?
5
What is the ten thousands digit of 40672136?
7
What is the hundred thousands digit of 6081369003?
3
What is the hundred millions digit of 652026718?
6
What is the ten thousands digit of 67466111?
6
What is the ten thousands digit of 560728473?
2
What is the tens digit of 962474917?
1
What is the millions digit of 23152491?
3
What is the tens digit of 109643317?
1
What is the tens digit of 364481521?
2
What is the units digit of 67674921?
1
What is the hundred millions digit of 183264359?
1
What is the hundred millions digit of 755403923?
7
What is the hundred millions digit of 1683677800?
6
What is the tens digit of 19744925?
2
What is the ten millions digit of 17626973?
1
What is the hundreds digit of 18849070?
0
What is the hundreds digit of 913981895?
8
What is the hundreds digit of 243571796?
7
What is the hundreds digit of 68931572?
5
What is the millions digit of 1275139498?
5
What is the units digit of 46741373?
3
What is the ten millions digit of 191519515?
9
What is the tens digit of 488771814?
1
What is the thousands digit of 11857911?
7
What is the tens digit of 6252588?
8
What is the ten millions digit of 1852828173?
5
What is the ten thousands digit of 597636463?
3
What is the tens digit of 468158477?
7
What is the ten millions digit of 968886414?
6
What is the ten millions digit of 829911153?
2
What is the thousands digit of 175139939?
9
What is the units digit of 229688108?
8
What is the units digit of 312584804?
4
What is the billions digit of 1692393986?
1
What is the tens digit of 258953264?
6
What is the hundred thousands digit of 1680061939?
0
What is the tens digit of 2490128464?
6
What is the hundred thousands digit of 147730411?
7
What is the ten millions digit of 263986258?
6
What is the ten thousands digit of 1481961808?
6
What is the hundred thousands digit of 2376381457?
3
What is the hundreds digit of 69489177?
1
What is the hundreds digit of 13115173?
1
What is the hundreds digit of 82734011?
0
What is the units digit of 1624979068?
8
What is the millions digit of 267604231?
7
What is the hundred millions digit of 559763949?
5
What is the ten millions digit of 102709876?
0
What is the billions digit of 1883337378?
1
What is the ten thousands digit of 1041081667?
8
What is the tens digit of 1733053233?
3
What is the millions digit of 1879188473?
9
What is the tens digit of 10024316?
1
What is the ten thousands digit of 365979868?
7
What is the hundreds digit of 1920210272?
2
What is the hundreds digit of 564661203?
2
What is the ten thousands digit of 1863205803?
0
What is the hundred millions digit of 1260165336?
2
What is the ten millions digit of 336438789?
3
What is the ten millions digit of 3308924983?
0
What is the millions digit of 141298441?
1
What is the thousands digit of 76157171?
7
What is the tens digit of 55220888?
8
What is the millions digit of 84601484?
4
What is the ten thousands digit of 331867544?
6
What is the units digit of 1675720964?
4
What is the ten millions digit of 34809427?
3
What is the ten millions digit of 60510387?
6
What is the hundreds digit of 35115730?
7
What is the hundred thousands digit of 798527903?
5
What is the thousands digit of 21741809?
1
What is the millions digit of 11029774?
1
What is the hundred thousands digit of 30148516?
1
What is the units digit of 8688235799?
9
What is the millions digit of 100383694?
0
What is the billions digit of 3443608622?
3
What is the ten millions digit of 5604414598?
0
What is the ten t